{"id":88,"date":"2016-12-14T09:37:50","date_gmt":"2016-12-14T08:37:50","guid":{"rendered":"http:\/\/www.kbs-schwyz.ch\/berufsschule\/?page_id=88"},"modified":"2022-06-30T08:01:15","modified_gmt":"2022-06-30T06:01:15","slug":"allgemeines-dh","status":"publish","type":"page","link":"https:\/\/www.kbs-schwyz.ch\/berufsschule\/allgemeines-dh\/","title":{"rendered":"Allgemeines DH"},"content":{"rendered":"<div id=\"pl-88\"  class=\"panel-layout\" ><div id=\"pg-88-0\"  class=\"panel-grid panel-no-style\" ><div id=\"pgc-88-0-0\"  class=\"panel-grid-cell\" ><div id=\"panel-88-0-0-0\" class=\"so-panel widget widget_sow-editor panel-first-child panel-last-child\" data-index=\"0\" ><div\n\t\t\t\n\t\t\tclass=\"so-widget-sow-editor so-widget-sow-editor-base\"\n\t\t\t\n\t\t><h3 class=\"widget-title\">Die Berufsbilder<\/h3>\n<div class=\"siteorigin-widget-tinymce textwidget\">\n\t<p>Die dreij\u00e4hrige Grundbildung wird mit einem eidgen\u00f6ssischen F\u00e4higkeitszeugnis abgeschlossen.<br \/>\nDie Berufsbezeichnung lautet:\u00a0 <strong>Detailhandelsfachfrau resp. Detailhandelsfachmann.<\/strong><\/p>\n<p>Die zweij\u00e4hrige Grundbildung f\u00fchrt zum eidgen\u00f6ssischen Attest.<br \/>\nDie Berufbezeichnung lautet:\u00a0\u00a0<strong>Detailhandelsassistentin resp. Detailhandelsassistent.<\/strong><\/p>\n<\/div>\n<\/div><\/div><\/div><\/div><div id=\"pg-88-1\"  class=\"panel-grid panel-no-style\" ><div id=\"pgc-88-1-0\"  class=\"panel-grid-cell\" ><div id=\"panel-88-1-0-0\" class=\"so-panel widget widget_sow-editor panel-first-child panel-last-child\" data-index=\"1\" ><div\n\t\t\t\n\t\t\tclass=\"so-widget-sow-editor so-widget-sow-editor-base\"\n\t\t\t\n\t\t><h3 class=\"widget-title\">Eine Ausbildung f\u00fcr Dich<\/h3>\n<div class=\"siteorigin-widget-tinymce textwidget\">\n\t<p>M\u00f6chtest du in einer attraktiven Umgebung arbeiten sowie t\u00e4glich mit Menschen in Kontakt treten und ihnen Freude bereiten?<br \/>\nBist du kommunikativ und arbeitest du gerne im Team?<br \/>\nInteressierst du dich f\u00fcr die neuesten Produkte, Dienstleistungen und Technologien und bist du gerne am Puls der Zeit?<br \/>\nSuchst du einen Job mit Perspektiven und Entwicklungsm\u00f6glichkeiten?<\/p>\n<p>Dann bietet dir der Detailhandel moderne und vielseitige Berufe in verschiedensten Branchen und Betrieben. Erfahre mehr \u00fcber deine M\u00f6glichkeiten.<\/p>\n<p><img loading=\"lazy\" decoding=\"async\" class=\"alignnone size-full wp-image-255\" src=\"https:\/\/www.kbs-schwyz.ch\/berufsschule\/wp-content\/uploads\/2016\/08\/aufzaehlungspunkt-e1481745336902.jpg\" alt=\"\" width=\"10\" height=\"20\" \/> <a href=\"https:\/\/www.bds-fcs.ch\/de\/Grundbildung\" target=\"_blank\" rel=\"noopener\">Grundbildung<\/a><br \/>\n<img loading=\"lazy\" decoding=\"async\" class=\"alignnone size-full wp-image-255\" src=\"https:\/\/www.kbs-schwyz.ch\/berufsschule\/wp-content\/uploads\/2016\/08\/aufzaehlungspunkt-e1481745336902.jpg\" alt=\"\" width=\"10\" height=\"20\" \/> <a href=\"https:\/\/www.bds-fcs.ch\/de\/Weiterbildung\" target=\"_blank\" rel=\"noopener\">Weiterbildung<\/a><strong><br \/>\n<\/strong><\/p>\n<\/div>\n<\/div><\/div><\/div><\/div><div id=\"pg-88-2\"  class=\"panel-grid panel-no-style\" ><div id=\"pgc-88-2-0\"  class=\"panel-grid-cell\" ><div id=\"panel-88-2-0-0\" class=\"so-panel widget widget_sow-editor panel-first-child panel-last-child\" data-index=\"2\" ><div\n\t\t\t\n\t\t\tclass=\"so-widget-sow-editor so-widget-sow-editor-base\"\n\t\t\t\n\t\t><h3 class=\"widget-title\">Grundbildung<\/h3>\n<div class=\"siteorigin-widget-tinymce textwidget\">\n\t<p>Im Detailhandel werden eine dreij\u00e4hrige Grundbildung Detailhandelsfachfrau\/fachmann EFZ mit den Schwerpunkten \"Gestalten von Einkaufserlebnissen\" und \"Betreuen von Online-Shops\" sowie eine zweij\u00e4hrige Grundbildung Detailhandelsassistent\/in EBA angeboten.<\/p>\n<p>Was den Detailhandel besonders interessant macht:<\/p>\n<ul style=\"list-style-type: square;\">\n<li>enger Kontakt mit Menschen - sowohl mit Kundinnen und Kunden wie auch im Team<\/li>\n<li>mit den neusten Produkten und Technologien stets am Puls der Zeit<\/li>\n<li>eine Ausbildung mit vielen M\u00f6glichkeiten und Perspektiven<\/li>\n<\/ul>\n<p><strong>Weitere Informationen:<\/strong><\/p>\n<p><img loading=\"lazy\" decoding=\"async\" class=\"alignnone size-full wp-image-255\" src=\"https:\/\/www.kbs-schwyz.ch\/berufsschule\/wp-content\/uploads\/2016\/08\/aufzaehlungspunkt-e1481745336902.jpg\" alt=\"\" width=\"10\" height=\"20\" \/> <a href=\"https:\/\/www.bds-fcs.ch\/de\/Grundbildung\/Detailhandelsfachleute-EFZ\" target=\"_blank\" rel=\"noopener\">Detailhandelsfachleute EFZ<\/a><br \/>\n<img loading=\"lazy\" decoding=\"async\" class=\"alignnone size-full wp-image-255\" src=\"https:\/\/www.kbs-schwyz.ch\/berufsschule\/wp-content\/uploads\/2016\/08\/aufzaehlungspunkt-e1481745336902.jpg\" alt=\"\" width=\"10\" height=\"20\" \/> <a href=\"https:\/\/www.bds-fcs.ch\/de\/Grundbildung\/Detailhandelsassistentinnen-EBA\" target=\"_blank\" rel=\"noopener\">Detailhandelsassistent\/innen EBA<\/a><br \/>\n<img loading=\"lazy\" decoding=\"async\" class=\"alignnone size-full wp-image-255\" src=\"https:\/\/www.kbs-schwyz.ch\/berufsschule\/wp-content\/uploads\/2016\/08\/aufzaehlungspunkt-e1481745336902.jpg\" alt=\"\" width=\"10\" height=\"20\" \/> <a href=\"https:\/\/www.bds-fcs.ch\/de\/Grundbildung\/Ausbildung-und-Pruefungsbranchen\" target=\"_blank\" rel=\"noopener\">Ausbildungs- und Pr\u00fcfungsbranchen<\/a><br \/>\n<img loading=\"lazy\" decoding=\"async\" class=\"alignnone size-full wp-image-255\" src=\"https:\/\/www.kbs-schwyz.ch\/berufsschule\/wp-content\/uploads\/2016\/08\/aufzaehlungspunkt-e1481745336902.jpg\" alt=\"\" width=\"10\" height=\"20\" \/> <a href=\"https:\/\/www.bds-fcs.ch\/de\/Grundbildung\/Qualifikationsverfahren\" target=\"_blank\" rel=\"noopener\">Qualifikationsverfahren<\/a><\/p>\n<\/div>\n<\/div><\/div><\/div><\/div><\/div>","protected":false},"excerpt":{"rendered":"<p>Die dreij\u00e4hrige Grundbildung wird mit einem eidgen\u00f6ssischen F\u00e4higkeitszeugnis abgeschlossen. Die Berufsbezeichnung lautet:\u00a0 Detailhandelsfachfrau resp. Detailhandelsfachmann. Die zweij\u00e4hrige Grundbildung f\u00fchrt zum eidgen\u00f6ssischen Attest. Die Berufbezeichnung lautet:\u00a0\u00a0Detailhandelsassistentin resp. Detailhandelsassistent. M\u00f6chtest du in einer attraktiven Umgebung arbeiten sowie t\u00e4glich mit Menschen in Kontakt <a class=\"more-link\" href=\"https:\/\/www.kbs-schwyz.ch\/berufsschule\/allgemeines-dh\/\">weiterlesen&#8230;<\/a><\/p>\n","protected":false},"author":1,"featured_media":0,"parent":0,"menu_order":8,"comment_status":"closed","ping_status":"closed","template":"","meta":{"footnotes":""},"class_list":["post-88","page","type-page","status-publish","hentry"],"_links":{"self":[{"href":"https:\/\/www.kbs-schwyz.ch\/berufsschule\/wp-json\/wp\/v2\/pages\/88","targetHints":{"allow":["GET"]}}],"collection":[{"href":"https:\/\/www.kbs-schwyz.ch\/berufsschule\/wp-json\/wp\/v2\/pages"}],"about":[{"href":"https:\/\/www.kbs-schwyz.ch\/berufsschule\/wp-json\/wp\/v2\/types\/page"}],"author":[{"embeddable":true,"href":"https:\/\/www.kbs-schwyz.ch\/berufsschule\/wp-json\/wp\/v2\/users\/1"}],"replies":[{"embeddable":true,"href":"https:\/\/www.kbs-schwyz.ch\/berufsschule\/wp-json\/wp\/v2\/comments?post=88"}],"version-history":[{"count":11,"href":"https:\/\/www.kbs-schwyz.ch\/berufsschule\/wp-json\/wp\/v2\/pages\/88\/revisions"}],"predecessor-version":[{"id":3717,"href":"https:\/\/www.kbs-schwyz.ch\/berufsschule\/wp-json\/wp\/v2\/pages\/88\/revisions\/3717"}],"wp:attachment":[{"href":"https:\/\/www.kbs-schwyz.ch\/berufsschule\/wp-json\/wp\/v2\/media?parent=88"}],"curies":[{"name":"wp","href":"https:\/\/api.w.org\/{rel}","templated":true}]}}